{"id":376,"date":"2023-01-25T17:06:27","date_gmt":"2023-01-25T16:06:27","guid":{"rendered":"https:\/\/friis8600.dk\/opskrifter\/?page_id=376"},"modified":"2023-01-25T17:06:27","modified_gmt":"2023-01-25T16:06:27","slug":"oldemors-sirupskage","status":"publish","type":"page","link":"https:\/\/friis8600.dk\/opskrifter\/index.php\/oldemors-sirupskage\/","title":{"rendered":"Oldemors sirupskage"},"content":{"rendered":"<p>Til en stor ovnbradepande<\/p>\n<ul type=\"circle\">\n<li>2 kopper sirup<\/li>\n<li>4 kopper k\u00e6rnem\u00e6lk<\/li>\n<li>1 kop smeltet sm\u00f8r<\/li>\n<li>2 kopper sukker<\/li>\n<li>8 kopper mel<\/li>\n<li>2 tsk natron<\/li>\n<li>2 tsk kanel<\/li>\n<li>2 tsk nelliker<\/li>\n<li>2 \u00e6g<\/li>\n<\/ul>\n<p>Natron, kanel og nellike blandes i melet.<br \/>\nDerefter r\u00f8res alt sammen.<br \/>\nBages ca. 1 time ved 170\u00b0C.<br \/>\nKan evt. glaseres og drysses med revet appelsinskal.<\/p>\n<p>Halv m\u00e6ngde = stor sandkageform.<\/p>\n","protected":false},"excerpt":{"rendered":"<p>Til en stor ovnbradepande 2 kopper sirup 4 kopper k\u00e6rnem\u00e6lk 1 kop smeltet sm\u00f8r 2 kopper sukker 8 kopper mel 2 tsk natron 2 tsk kanel 2 tsk nelliker 2 \u00e6g Natron, kanel og nellike blandes i melet. Derefter r\u00f8res <a class=\"more-link\" href=\"https:\/\/friis8600.dk\/opskrifter\/index.php\/oldemors-sirupskage\/\">L\u00e6s mere &#8230;<\/a><\/p>\n","protected":false},"author":1,"featured_media":0,"parent":0,"menu_order":0,"comment_status":"closed","ping_status":"closed","template":"","meta":{"footnotes":""},"class_list":["post-376","page","type-page","status-publish","hentry"],"_links":{"self":[{"href":"https:\/\/friis8600.dk\/opskrifter\/index.php\/wp-json\/wp\/v2\/pages\/376","targetHints":{"allow":["GET"]}}],"collection":[{"href":"https:\/\/friis8600.dk\/opskrifter\/index.php\/wp-json\/wp\/v2\/pages"}],"about":[{"href":"https:\/\/friis8600.dk\/opskrifter\/index.php\/wp-json\/wp\/v2\/types\/page"}],"author":[{"embeddable":true,"href":"https:\/\/friis8600.dk\/opskrifter\/index.php\/wp-json\/wp\/v2\/users\/1"}],"replies":[{"embeddable":true,"href":"https:\/\/friis8600.dk\/opskrifter\/index.php\/wp-json\/wp\/v2\/comments?post=376"}],"version-history":[{"count":1,"href":"https:\/\/friis8600.dk\/opskrifter\/index.php\/wp-json\/wp\/v2\/pages\/376\/revisions"}],"predecessor-version":[{"id":377,"href":"https:\/\/friis8600.dk\/opskrifter\/index.php\/wp-json\/wp\/v2\/pages\/376\/revisions\/377"}],"wp:attachment":[{"href":"https:\/\/friis8600.dk\/opskrifter\/index.php\/wp-json\/wp\/v2\/media?parent=376"}],"curies":[{"name":"wp","href":"https:\/\/api.w.org\/{rel}","templated":true}]}}