{"id":300,"date":"2023-01-25T12:48:00","date_gmt":"2023-01-25T11:48:00","guid":{"rendered":"https:\/\/friis8600.dk\/opskrifter\/?page_id=300"},"modified":"2023-01-25T12:48:00","modified_gmt":"2023-01-25T11:48:00","slug":"loegsuppe","status":"publish","type":"page","link":"https:\/\/friis8600.dk\/opskrifter\/index.php\/loegsuppe\/","title":{"rendered":"L\u00f8gsuppe"},"content":{"rendered":"<p>Pr. person::<\/p>\n<p>Suppen:<\/p>\n<ul type=\"circle\">\n<li>400 g. l\u00f8g<\/li>\n<li>2 fed hvidl\u00f8g<\/li>\n<li>0,5 tsk. t\u00f8rret timian<\/li>\n<li>1 tsk. sukker<\/li>\n<li>5 dl. vand<\/li>\n<li>1 stk. h\u00f8nsebouillonterning<\/li>\n<li>salt\/peber\/balsamicoeddike<\/li>\n<\/ul>\n<p>Ostebr\u00f8d<\/p>\n<ul type=\"circle\">\n<li>2 skiver br\u00f8d<\/li>\n<li>2 spsk. raps- eller solsikkeolie<\/li>\n<li>1 fed hvidl\u00f8g<\/li>\n<li>75 g. frisk mozzarella<\/li>\n<li>0,3 bundt frisk timian<\/li>\n<\/ul>\n<p>Sk\u00e6r l\u00f8g i tynde skiver.<br \/>\nHak hvidl\u00f8g fint.<br \/>\nOpvarm en gryde med lidt olie.<br \/>\nSauter l\u00f8g med timian og salt.<br \/>\nTils\u00e6t sukker og lad dem karamellisere lidt.<br \/>\nTils\u00e6t vand og bouillonterning og lad suppen koge op i 5 minutter.<\/p>\n<p>Smuldr mozzarella p\u00e5 br\u00f8det. Knus hvidl\u00f8g og kom det ovenp\u00e5 osten. Drys med salt.<br \/>\nBag ostebr\u00f8dene i en forvarmet ovn i 5-7 minutter ved 200\u00b0 varmluft.<\/p>\n","protected":false},"excerpt":{"rendered":"<p>Pr. person:: Suppen: 400 g. l\u00f8g 2 fed hvidl\u00f8g 0,5 tsk. t\u00f8rret timian 1 tsk. sukker 5 dl. vand 1 stk. h\u00f8nsebouillonterning salt\/peber\/balsamicoeddike Ostebr\u00f8d 2 skiver br\u00f8d 2 spsk. raps- eller solsikkeolie 1 fed hvidl\u00f8g 75 g. frisk mozzarella 0,3 <a class=\"more-link\" href=\"https:\/\/friis8600.dk\/opskrifter\/index.php\/loegsuppe\/\">L\u00e6s mere &#8230;<\/a><\/p>\n","protected":false},"author":1,"featured_media":0,"parent":0,"menu_order":0,"comment_status":"closed","ping_status":"closed","template":"","meta":{"footnotes":""},"class_list":["post-300","page","type-page","status-publish","hentry"],"_links":{"self":[{"href":"https:\/\/friis8600.dk\/opskrifter\/index.php\/wp-json\/wp\/v2\/pages\/300","targetHints":{"allow":["GET"]}}],"collection":[{"href":"https:\/\/friis8600.dk\/opskrifter\/index.php\/wp-json\/wp\/v2\/pages"}],"about":[{"href":"https:\/\/friis8600.dk\/opskrifter\/index.php\/wp-json\/wp\/v2\/types\/page"}],"author":[{"embeddable":true,"href":"https:\/\/friis8600.dk\/opskrifter\/index.php\/wp-json\/wp\/v2\/users\/1"}],"replies":[{"embeddable":true,"href":"https:\/\/friis8600.dk\/opskrifter\/index.php\/wp-json\/wp\/v2\/comments?post=300"}],"version-history":[{"count":1,"href":"https:\/\/friis8600.dk\/opskrifter\/index.php\/wp-json\/wp\/v2\/pages\/300\/revisions"}],"predecessor-version":[{"id":301,"href":"https:\/\/friis8600.dk\/opskrifter\/index.php\/wp-json\/wp\/v2\/pages\/300\/revisions\/301"}],"wp:attachment":[{"href":"https:\/\/friis8600.dk\/opskrifter\/index.php\/wp-json\/wp\/v2\/media?parent=300"}],"curies":[{"name":"wp","href":"https:\/\/api.w.org\/{rel}","templated":true}]}}