{"id":127,"date":"2023-01-24T09:16:01","date_gmt":"2023-01-24T08:16:01","guid":{"rendered":"https:\/\/friis8600.dk\/opskrifter\/?page_id=127"},"modified":"2023-01-24T18:33:12","modified_gmt":"2023-01-24T17:33:12","slug":"groed","status":"publish","type":"page","link":"https:\/\/friis8600.dk\/opskrifter\/index.php\/groed\/","title":{"rendered":"Gr\u00f8d"},"content":{"rendered":"<ul>\n<li><a href=\"https:\/\/friis8600.dk\/opskrifter\/index.php\/boghvedegroed\/\">Boghvedegr\u00f8d<\/a><\/li>\n<li><a href=\"https:\/\/friis8600.dk\/opskrifter\/index.php\/risengroed-i-mikroovn\/\">Risengr\u00f8d i mikroovn<\/a><\/li>\n<li><a href=\"https:\/\/friis8600.dk\/opskrifter\/index.php\/risengroed-paa-indisk\/\">Risengr\u00f8d \u2013 p\u00e5 indisk<\/a><\/li>\n<\/ul>\n","protected":false},"excerpt":{"rendered":"<p>Boghvedegr\u00f8d Risengr\u00f8d i mikroovn Risengr\u00f8d \u2013 p\u00e5 indisk<\/p>\n","protected":false},"author":1,"featured_media":0,"parent":0,"menu_order":0,"comment_status":"closed","ping_status":"closed","template":"","meta":{"footnotes":""},"class_list":["post-127","page","type-page","status-publish","hentry"],"_links":{"self":[{"href":"https:\/\/friis8600.dk\/opskrifter\/index.php\/wp-json\/wp\/v2\/pages\/127","targetHints":{"allow":["GET"]}}],"collection":[{"href":"https:\/\/friis8600.dk\/opskrifter\/index.php\/wp-json\/wp\/v2\/pages"}],"about":[{"href":"https:\/\/friis8600.dk\/opskrifter\/index.php\/wp-json\/wp\/v2\/types\/page"}],"author":[{"embeddable":true,"href":"https:\/\/friis8600.dk\/opskrifter\/index.php\/wp-json\/wp\/v2\/users\/1"}],"replies":[{"embeddable":true,"href":"https:\/\/friis8600.dk\/opskrifter\/index.php\/wp-json\/wp\/v2\/comments?post=127"}],"version-history":[{"count":4,"href":"https:\/\/friis8600.dk\/opskrifter\/index.php\/wp-json\/wp\/v2\/pages\/127\/revisions"}],"predecessor-version":[{"id":162,"href":"https:\/\/friis8600.dk\/opskrifter\/index.php\/wp-json\/wp\/v2\/pages\/127\/revisions\/162"}],"wp:attachment":[{"href":"https:\/\/friis8600.dk\/opskrifter\/index.php\/wp-json\/wp\/v2\/media?parent=127"}],"curies":[{"name":"wp","href":"https:\/\/api.w.org\/{rel}","templated":true}]}}